 be h(35). Calculate the greatest common factor of 16 and r.
8
Suppose 7*s - 72 = 5*s. Suppose 5*i - 1971 = -3*y, -5*y = -19*i + 22*i - 1173. Calculate the greatest common divisor of s and i.
36
Suppose -2*w + 540*r = 542*r - 440, 0 = 5*w + 4*r - 1104. Suppose 5*a + 2*o = 160, 2*a - 2*o = 18 + 46. What is the highest common divisor of a and w?
32
Suppose -110130 + 951936 = 238*w. Calculate the highest common divisor of 54 and w.
27
Let h(a) = a**2 + a + 36. Let l be h(0). Suppose -27*i - 6*i + 3380 = -163*i. Let f = l + i. What is the greatest common divisor of f and 25?
5
Suppose -2*p = -5*i + 114, 4*i = 10*i + 2*p - 150. Calculate the highest common divisor of 3 and i.
3
Let k(n) = n**3 + 14*n**2 + n + 26. Suppose -2*t - 23 = 3*u - 4*u, -t + 1 = -3*u. Let d be k(t). Calculate the greatest common factor of d and 636.
12
Let z = -7335 - -7467. Calculate the greatest common divisor of z and 2706.
66
Suppose -3*n + 9 = 2*h, -4*h + 5 = -2*n + 11. Suppose -2*m + 3*r + 729 = h, 5*m - 5*r - 1457 = m. Calculate the greatest common divisor of 22 and m.
11
Let q = -7793 - -7847. What is the greatest common factor of q and 8046?
54
Let z = 518 + -515. Suppose 2*v - l = -3*v + 6, z*v - 7 = 4*l. What is the greatest common divisor of v and 29?
1
Let q = -2173 - -8061. Calculate the greatest common divisor of q and 184.
184
Suppose -15193 = -m - 3*q, 7*m - 106334 = -15*q + 11*q. Calculate the highest common divisor of m and 35.
35
Let k be (36 + 0)*(-19)/((-741)/52). Suppose -j = -6*j + 2*t + 280, -j + 2*t + k = 0. Calculate the highest common factor of 290 and j.
58
Let t = 18240 - 12108. Calculate the greatest common factor of 6 and t.
6
Suppose 599*f + 156*f - 90*f - 93100 = 0. What is the greatest common factor of f and 4780?
20
Let v = 12498 - 11716. What is the greatest common divisor of 736 and v?
46
Suppose -170 = -2*r + c, 68*c = 2*r + 70*c - 188. Calculate the greatest common factor of 913 and r.
11
Suppose 0 = 28*r - 14300 + 3212. Let w = r + 94. What is the greatest common factor of 10 and w?
10
Let d(x) = -x**2 + 12*x - 7. Let j = 13 - 8. Let y be d(j). Suppose 188*s - 2450 = 153*s. Calculate the greatest common divisor of s and y.
14
Suppose 551 - 455 = 8*y. Suppose 9*c - y*c = -774. Calculate the greatest common divisor of 6 and c.
6
Let z = -112 - -150. Let o(f) = -f**3 - 4*f**2 - 5*f + 1. Let j be o(-4). Let p be ((-266)/j)/(2/(-30)). Calculate the highest common factor of z and p.
38
Let f be ((-10)/(-25))/((-3)/(-195)). Let j = 41 + -9. Let u = j - -7. Calculate the highest common factor of f and u.
13
Suppose -6*l - 8 = -8*l. Suppose 40 = 4*u + l*q, -9*u + 4*u + q = -38. Calculate the highest common factor of u and 64.
8
Let b(o) = -o**2 - 7*o + 173. Let f be b(0). Let k = 234 - f. What is the greatest common divisor of 122 and k?
61
Let g(c) = -71*c + 6. Let q be g(-6). Suppose 2*n - 4*n - 2592 = -50*n. What is the highest common factor of n and q?
54
Let r(k) = k**3 - 19*k**2 + 34*k + 7. Let i = -730 + 747. Let a be r(i). Let o = -1 + 15. What is the greatest common factor of o and a?
7
Let r be ((-232)/(-10))/((-3)/(-105)*(34 - 32)). What is the greatest common divisor of 1450 and r?
58
Let w = -7837 - -14407. What is the greatest common factor of w and 36?
18
Let n = -14 - -71. Suppose -n = -2*b + 31. Suppose -4*l = 5*u - 20, 0 = -u + 80*l - 76*l + 4. What is the greatest common factor of u and b?
4
Let n be 30*(4/3 - -1). Suppose 10*m = -3*m + 26. Let j = m + 8. Calculate the highest common factor of n and j.
10
Suppose 10*r - 8*r = 102. Let m = 10 - r. Let b = -29 - m. What is the highest common factor of b and 20?
4
Let l be 5 + 10 - (-17994)/2. Calculate the highest common divisor of 12 and l.
12
Let y = 208 - 307. Let r = -96 - y. Suppose 32 + 16 = 4*d. What is the greatest common factor of r and d?
3
Let s be (((-1)/5)/(4/15))/((-39)/156). Suppose 0 = -2*g + 51 - 15. What is the highest common divisor of g and s?
3
Suppose -7*d + 588 = 42*d. Suppose -d*p = 84 - 1884. Calculate the greatest common factor of p and 10.
10
Let b be (-3228)/(-19) - 34/(-323). Let x = -94 + b. Calculate the highest common divisor of x and 38.
38
Let h(d) = 4*d**2 - 4*d + 7. Let i(x) = -4*x - 50. Let n be (-312)/(-16)*(-4)/6. Let k be i(n). Let q be h(k). What is the greatest common divisor of 15 and q?
15
Let x be 559/(-14 + 14 - 1/(-3)). Suppose 11*d - x = -2*d. What is the greatest common factor of 215 and d?
43
Let p(x) be the second derivative of x**4/12 + 4*x**3/3 + 7*x**2/2 + 55*x. Let b be p(-11). Calculate the greatest common factor of b and 320.
40
Let w(k) be the third derivative of k**5/60 + 29*k**4/24 + 25*k**3/6 + 30*k**2. Let m be w(0). Calculate the highest common factor of m and 125.
25
Let j(b) = -5*b - 58. Let d be j(-11). Let v be d - (1 - 33*(-6)/(-9)). Calculate the highest common divisor of 150 and v.
6
Let u(j) = 48*j - 1350. Let n be u(39). What is the greatest common factor of 3 and n?
3
Let t(y) = 63*y**2 + 109*y - 573. Let c be t(6). Calculate the greatest common factor of c and 58.
29
Let l(m) = -44*m - 12. Let v be l(-6). Suppose 0 = 4*a - 72 + 40. Let c be 26 + (a - 5 - (-1 + 2)). What is the greatest common factor of v and c?
28
Suppose 0 = -3*a - 2*t + 19, t - 3 + 4 = 2*a. Let c be a/2 + 3/2. Suppose 6 = -3*j + 3*x, -c*x + 6*x - 8 = j. Calculate the greatest common divisor of 3 and j.
1
Let g = -137 + 137. Suppose 0*o - 17*o + 289 = g. What is the highest common factor of 136 and o?
17
Suppose 6 = -5*c - 4*a + 23, -3*a - 31 = -5*c. Suppose 235 = 4*h + c*p + 24, 53 = h + p. Let u = -7 + 13. Calculate the greatest common factor of h and u.
6
Let p(q) = 7*q + 11. Let g be p(13). Suppose -g - 42 = -12*s. Let n be (-3)/9 + 328/s. Calculate the greatest common divisor of n and 216.
27
Let k be 7 - (5 + 5 - 5). Let c be (k + 0)*(-5 + 140/8). Calculate the highest common factor of 25 and c.
25
Suppose 0 = -6*o + 11*o + 220. Let y = o + 52. Let r = y + 17. Calculate the highest common factor of r and 50.
25
Suppose 7*i + 100 = 303. Suppose -k + 93 = 2*d, -3*k + i = d - 25. What is the highest common factor of 315 and d?
45
Suppose -w - 3 = -27. Let f(a) = 1051*a - 15633. Let j be f(15). What is the greatest common factor of j and w?
12
Let f(u) = 85*u + 246. Let a be f(0). What is the greatest common factor of 82 and a?
82
Suppose -2495 + 18398 = 31*h. What is the highest common factor of h and 912?
57
Let m be ((-18)/(-7))/((-9)/(-63)). Let g be (-46)/(-12) - -3 - (-3)/m. Let r(n) = -16*n + 10. Let q be r(-2). What is the greatest common divisor of q and g?
7
Suppose 362*r = 364*r - 50. Calculate the highest common divisor of 1600 and r.
25
Suppose 0 = -j + 5*i + 25, 5*j - 2*i - 14 = 42. Suppose -853*w = -852*w - 60. Let d be 4/j + 696/w. What is the greatest common factor of 96 and d?
12
Suppose -c + 43 = 3*q, -5*c - q + 231 = -2*q. Suppose c = 2*l - 4*a, 98 = 4*l - 4*a + 10. Calculate the greatest common divisor of 273 and l.
21
Let n(a) = -603*a - 193. Let h be n(-7). Calculate the highest common divisor of 76 and h.
76
Suppose -116*n = -94*n - 65296. Calculate the highest common divisor of n and 14.
14
Let a be (-2)/(0 - (-2)/(-3)). Let z = 792 - 791. Let i(x) = 22*x**2 - 6*x + 5. Let l be i(z). Calculate the highest common divisor of l and a.
3
Let c = -8334 - -9322. Suppose 0 = 2*s - 79 - 73. Calculate the highest common divisor of c and s.
76
Let u(q) = 268*q**3 - 19*q**2 + 45*q + 3. Let a be u(3). Calculate the highest common divisor of 21 and a.
21
Let z be 2/(-2) - (-18 + 4/(-2)). Suppose 4*k + z - 67 = 0. Let d = k - -69. What is the highest common divisor of 9 and d?
9
Suppose 0 = 4*r + 5*u - 279, 2*r + 5*u - 199 = -52. Let v be 130/(-25)*(-220)/((-8)/(-2)). What is the greatest common divisor of v and r?
22
Let t(f) = -f**3 + 16*f**2 + 37*f + 11. Let p be t(18). Suppose v + 31 = 2*l, -28 = -l - 5*v - p. What is the greatest common factor of 42 and l?
14
Let o(f) = 0*f - 8*f + 10*f**2 + 0*f - f**3 + 5. Let j be o(9). Let l(q) = 35*q. Let s be l(2). What is the greatest common factor of j and s?
14
Let f be 28/8*(86/(-301) + 6752/14). Calculate the highest common factor of 7 and f.
7
Let j be (31 + -145)*4*(-2)/12. Calculate the highest common factor of j and 988.
76
Suppose 15*x - 3*x - 300 = 0. Suppose -x - 